 is -61707 + 55?
-61642
In base 2, what is -110111 - 10100010111011001?
-10100011000010000
In base 13, what is 239 - -a1461?
a169a
In base 13, what is 90 - 3b74?
-3ab4
In base 3, what is -220202111121 - -111110?
-220202000011
In base 10, what is -2174343 + -11?
-2174354
In base 2, what is 100000010011110001110001111 + -11?
100000010011110001110001100
In base 12, what is 271b846 - 1?
271b845
In base 11, what is 30a04955 + -4?
30a04951
In base 10, what is -91 - -202419?
202328
In base 12, what is -16b4 + -4668?
-6160
In base 16, what is 17 + a72932?
a72949
In base 14, what is -23 + -17058?
-1707b
In base 8, what is 40134 - 135405?
-75251
In base 8, what is 763036 + -21?
763015
In base 11, what is 3568 + 751?
4209
In base 8, what is -524142112 + 6?
-524142104
In base 12, what is -62652 + -24?
-62676
In base 13, what is 16 + 822085?
82209b
In base 5, what is 130 + -13032313?
-13032133
In base 14, what is -a5b - 7b00?
-875b
In base 8, what is 24577 - -11236?
36035
In base 15, what is -94c - 100?
-a4c
In base 16, what is 1bf9070 - -5?
1bf9075
In base 9, what is -8566 - 66345?
-76022
In base 10, what is -830 + -9310?
-10140
In base 6, what is -3420 + -120453?
-124313
In base 2, what is -1010011 + 101011110100000000?
101011110010101101
In base 13, what is 127 + -84c7?
-83a0
In base 2, what is -1010010011101100110000000 + -100?
-1010010011101100110000100
In base 11, what is 32260659 + 4?
32260662
In base 6, what is -5350 - -2142101?
2132311
In base 12, what is -443338 - -18?
-443320
In base 4, what is 11001020222 - 2?
11001020220
In base 15, what is -e91 + -6a0?
-1641
In base 3, what is -22211201221 - 121222?
-22212100220
In base 10, what is -613059 - -4?
-613055
In base 4, what is 20303 - -2203013?
2223322
In base 3, what is -10122020 - -20000011?
2100221
In base 10, what is -186 - 42325?
-42511
In base 8, what is 347 + -1736366?
-1736017
In base 12, what is 73749 + -2067?
716a2
In base 8, what is 17 - 25513406?
-25513367
In base 8, what is 114740 + -3006?
111732
In base 15, what is e5 - -1ba675?
1ba76a
In base 3, what is -12 + 20010100022121?
20010100022102
In base 7, what is 4 - -1441344133?
1441344140
In base 11, what is -109063 - -2?
-109061
In base 15, what is -1e85c3 - -d4?
-1e84de
In base 12, what is 1ba6 + 3861?
5847
In base 15, what is -176d55 - 10?
-176d65
In base 8, what is 1 + -1072375224?
-1072375223
In base 3, what is 200000220010202 + -12?
200000220010120
In base 15, what is -3 + 3d8436?
3d8433
In base 5, what is 100112000031 + 3?
100112000034
In base 4, what is 1 - 13112323212?
-13112323211
In base 5, what is -120433401432 + -11?
-120433401443
In base 4, what is 13211020221320 + -1?
13211020221313
In base 13, what is -4912 - -50?
-4892
In base 2, what is -10001101 - 11100011000011111111?
-11100011000110001100
In base 11, what is 558a318 - 10?
558a308
In base 11, what is 7023a0 + 2?
7023a2
In base 15, what is 4 - -3a7c93?
3a7c97
In base 12, what is b6 + -b94ba?
-b9404
In base 13, what is 3599c + 64?
35a33
In base 12, what is -18 + -b347318?
-b347334
In base 8, what is 124576 - 1746?
122630
In base 7, what is -46211126 - 5?
-46211134
In base 9, what is -20 - -64271210?
64271180
In base 12, what is -95b91b9 + 10?
-95b91a9
In base 6, what is -4145 - 111321?
-115510
In base 3, what is 1010110021110000 + 2011?
1010110021112011
In base 9, what is -53 - 8016733?
-8016786
In base 13, what is 13 + 25b779?
25b78c
In base 8, what is 245 - 3026?
-2561
In base 4, what is 101233 - -30002112?
30110011
In base 6, what is -41455 - -14231?
-23224
In base 6, what is -240 + -53443050?
-53443330
In base 9, what is -8103543 - 3?
-8103546
In base 5, what is -11443230324 - 1?
-11443230330
In base 4, what is 20020210011 - -21?
20020210032
In base 14, what is -13 + 1a73cc?
1a73b9
In base 11, what is -29 - 2100134?
-2100162
In base 5, what is 202 + -3312302?
-3312100
In base 4, what is -212201231 - 30101?
-212231332
In base 15, what is 5 - 8b0e31?
-8b0e2b
In base 2, what is -100000000100001110110101 - -101011?
-100000000100001110001010
In base 6, what is 45525 + 15120?
105045
In base 6, what is -133 - -121041025?
121040452
In base 9, what is 1 + 126517285?
126517286
In base 6, what is 223350234 + -2?
223350232
In base 4, what is -1122023301120 + 33?
-1122023301021
In base 12, what is 27291ba1 + -5?
27291b98
In base 5, what is 24 + -3423111?
-3423032
In base 9, what is 11021 - -80184?
101215
In base 4, what is 2 - 1121310221231?
-1121310221223
In base 5, what is 220331232312 - 0?
220331232312
In base 15, what is -385c045 + 4?
-385c041
In base 16, what is -56 + -36ff6?
-3704c
In base 16, what is -87f3 - -95?
-875e
In base 8, what is -21034 + -622?
-21656
In base 4, what is 223220 - 21000?
202220
In base 14, what is -1a9cd4a - 0?
-1a9cd4a
In base 14, what is 6314 + -2cb?
6027
In base 15, what is -4 + 2c58db?
2c58d7
In base 14, what is -39 + -23d0d?
-23d48
In base 11, what is -20 + 459383?
459363
In base 5, what is -2440143 - 10142?
-3000340
In base 13, what is -2 - 28a6175c?
-28a61761
In base 2, what is -10001001000100 - 10100100000?
-10011101100100
In base 6, what is 0 - -2354220031?
2354220031
In base 6, what is 14 - -1455342130?
1455342144
In base 11, what is -34451864 - -14?
-34451850
In base 10, what is -5 + -5605637?
-5605642
In base 9, what is -4605 - -6676?
2071
In base 8, what is 11116 - 20521?
-7403
In base 10, what is 175 - 66125?
-65950
In base 8, what is 0 + 13252414?
13252414
In base 13, what is 3b625 - -138a?
3c9b2
In base 3, what is 201112000021201 + -222?
201112000020202
In base 10, what is 3273514 + 34?
3273548
In base 14, what is 152047 - 6?
152041
In base 13, what is -128b - 8384a?
-84b08
In base 14, what is -174a483 + 5?
-174a47c
In base 7, what is -243411 - -2140?
-241241
In base 10, what is 181703122 - 1?
181703121
In base 6, what is -2254 - 240110?
-242404
In base 16, what is 6 + 7ab80?
7ab86
In base 7, what is 413034415 + 3?
413034421
In base 8, what is -1540 + -166636?
-170376
In base 16, what is -3f666 + 16?
-3f650
In base 2, what is 101110011100111010 - 10110001?
101110011010001001
In base 14, what is -14 + 332297?
332283
In base 11, what is 0 + 958a03?
958a03
In base 13, what is -730 - 35bb2?
-36612
In base 15, what is -b08c62d + -4?
-b08c632
In base 11, what is 0 + -1132527?
-1132527
In base 2, what is -100 + 101010110010001000000?
101010110010000111100
In base 11, what is -510a4759 + -3?
-510a4761
In base 8, what is -637 - -2442547?
2441710
In base 13, what is 15 - 9064989?
-9064974
In base 4, what is 0 + -211203221112?
-211203221112
In base 11, what is -62425904 + 5?
-624258aa
In base 3, what is -11 - -12112121102012?
12112121102001
In base 2, what is -1010100111111010100101 + -100010?
-1010100111111011000111
In base 13, what is b396c2 - -14?
b39706
In base 5, what is 24421 - -4200020?
4224441
In base 7, what is -1115 + 150112?
145664
In base 12, what is 3a0851 + -161?
3a06b0
In base 6, what is 242441522 - -5?
242441531
In base 5, what is 11232120403 + -101?
11232120302
In base 5, what is 2321402 + 2213?
2324120
In base 15, what is -11a5 + ad59?
9ba4
In base 4, what is 11 + -230112132222?
-230112132211
In base 3, what is -120200211212210010 + 10?
-120200211212210000
In base 13, what is c356 + 1675?
109cb
In base 6, what is 140100 + -353520?
-213420
In base 10, what is -127612 + 2317?
-125295
In base 14, what is -792db - -79a?
-78941
In base 15, what is -1a2d - 27?
-1a55
In base 11, what is -6 - 10635631?
-10635637
In base 8, what is 1 + 6100716?
6100717
In base 4, what is 101103002 + 2003?
101111011
In base 16, what is 114f92 - 2?
114f90
In base 3, what is -211 + 21121112200101?
21121112122120
In base 16, what is -3c - 8e277?
-8e2b3
In base 13, what is -2b950 - 43?
-2b993
In base 5, what is 113 + 1310132?
1310300
In base 7, what is -25 + -110365403?
-110365431
In base 5, what is -2 - -1112343300?
1112343243
In base 2, what is -100 + -1110011001101100001000001?
-1110011001101100001000101
In base 14, what is 1 + 323d74?
323d75
In base 10, what is 29 + -1026459?
-1026430
In base 16, what is 2e6d + 516?
3383
In base 2, what is 1011011 - 1011010011011001111?
-1011010011001110100
In base 2, what is -10100110001101000101 - -110001?
-10100110001100010100
In base 7, what is -306612 - -55?
-306524
In base 6, what is -124022 - 54120?
-22214